 What is the remainder when 26 is divided by c/(-9) + 122/18?
5
Suppose -2*c + 30 = -4*s, c - 2*c + 3*s = -20. Suppose 0 = -c*b + 4*b + 19. Calculate the remainder when 37 is divided by b.
18
Suppose s + s + 3*l + 7 = 0, -s + l + 4 = 0. Let k(a) = 2*a**3 - a. What is the remainder when k(1) is divided by s?
0
Let w = -4 + 2. Let k(g) = -17*g. Let v = 33 + -15. What is the remainder when k(w) is divided by v?
16
Suppose -2*g - 2*g = 40. Let c(i) = -i**3 + 2*i**2 - 3*i + 1. Let o be c(3). Let u = g - o. Calculate the remainder when 12 is divided by u.
5
Suppose -5*s + s = 3*x - 41, -4*x - 37 = -3*s. Calculate the remainder when 16 is divided by s.
5
Let l(y) = 4*y**3 - 3*y**2 - y - 2. Let k(a) = -7*a**3 + 5*a**2 + 2*a + 4. Let r(d) = -3*k(d) - 5*l(d). Calculate the remainder when 6 is divided by r(2).
2
Let q(r) = r**3 - r**2 + r + 4. Suppose 3*f + d - 18 = -0*f, -2*d = 0. What is the remainder when f is divided by q(0)?
2
Let v(j) = j**2 + 23. Calculate the remainder when 91 is divided by v(0).
22
Let v be 1/((-1)/(-24)) + 0. Suppose -v*p + 46 = -22*p. What is the remainder when 43 is divided by p?
20
Suppose 0*x - 135 = -5*r - 2*x, -115 = -4*r - 3*x. What is the remainder when r is divided by 15?
10
Calculate the remainder when 18 is divided by ((-7)/5)/((-12)/60).
4
Suppose p - 5*j = -3*p + 32, -4*p = j - 56. Suppose 4*b - 2*w = -w + p, 0 = 3*b - 3*w - 3. What is the remainder when (-2 - 6/b)*-14 is divided by 17?
15
Let o = -10 - -20. What is the remainder when o is divided by 4?
2
Suppose -117 = -5*s - 3*b, 2*s + 4*b - 9 = 35. Suppose -4 = -4*u + s. Calculate the remainder when u is divided by 8 + 0 - 25/5.
1
Let u(o) = -3*o. Let b be u(-1). Suppose 3*j + y - 43 = 0, -b*j - y - 61 = -8*j. Calculate the remainder when j is divided by 5.
3
Let r = -6 - -15. Suppose -p = r - 32. Let h = -4 - -16. Calculate the remainder when p is divided by h.
11
Let n(c) = 2*c - 7. Calculate the remainder when 14 is divided by n(6).
4
Let h = 106 + -47. Let a = 1 + h. Suppose 5*u - a = -10. What is the remainder when 28 is divided by u?
8
Suppose 5*t - 33 + 13 = 0. Calculate the remainder when t is divided by 2*2 - 1 - 1.
0
Suppose 0 = -6*d + 99 - 9. Calculate the remainder when 28 is divided by d.
13
Suppose 2*x + 3*j = 2*j + 50, -5*j = 0. Let o = -6 + 18. Calculate the remainder when x is divided by (o + 1)*5/5.
12
Suppose 14 + 54 = 4*q. Calculate the remainder when q is divided by 9.
8
Let j(c) = 4*c - 13. What is the remainder when 75 is divided by j(8)?
18
Suppose 0*t + 65 = 5*t. Let s(c) = c**3 + 8*c**2 + 5*c - 5. Calculate the remainder when s(-6) is divided by t.
11
Let a(v) = v**3 - v**2 + 28. Calculate the remainder when a(0) is divided by -15*2/(-4)*2.
13
Suppose 0 = 4*z - 2*k + 3*k - 90, 0 = -z - 3*k + 28. Calculate the remainder when z is divided by 6.
4
Suppose 28 = h - 10. What is the remainder when h is divided by -4*((-188)/48 + 6/9)?
12
Let q = 6 - 6. Suppose q*g - 2*g = 2*r + 40, -4*r = 16. Let b = g - -26. Calculate the remainder when b is divided by 4.
2
Let b = 4 - 2. What is the remainder when 4 is divided by b?
0
Suppose 0 = 2*c - c - 83. Calculate the remainder when c is divided by 21.
20
Calculate the remainder when 88 is divided by 5 + -11 + 20 + -1.
10
Let v(z) = -3*z**2 - 3 + 0*z**2 + z**3 - 3*z + 2*z**2 + 2*z. Let w be v(0). Calculate the remainder when w*8/(-18)*12 is divided by 9.
7
Let x(m) = m**3 + 3*m**2 - 2*m + 3. Suppose -2 = -2*q + 2. Suppose 3*b - 16 = q*b. What is the remainder when b is divided by x(-3)?
7
Let l(i) = 12*i**2 - i. Let p be l(-1). Suppose -p = -5*d + 12. Suppose n + 60 = 5*n - 4*b, -70 = -d*n + 4*b. Calculate the remainder when 19 is divided by n.
9
Let r(j) = -j**2 - 3*j + 9. What is the remainder when 88 is divided by r(0)?
7
What is the remainder when 32 is divided by (-3 - -14)*-1*-1?
10
Let g(l) = l**2 - 3. Calculate the remainder when 3/(-2) - 2133/(-54) is divided by g(4).
12
Suppose 10*i - 5 = 11*i. Let h(n) = 3*n**2 - 7 + 3 - 2*n**2 - n. Calculate the remainder when h(i) is divided by 14.
12
Suppose 7*r - 2*r - 235 = 0. Calculate the remainder when r is divided by 16.
15
What is the remainder when ((-18)/(-8))/((-1575)/264 + 6) is divided by 18?
12
Let q = -21 + 89. Suppose q = 8*s - 4*s. Calculate the remainder when 49 is divided by s.
15
Let z = -3 + -1. What is the remainder when 36 is divided by z*26/8*-1?
10
Let m(i) = 14*i - 1. Suppose 2*z + 2 = -3*r - 2, 0 = 5*z - r - 7. Calculate the remainder when m(z) is divided by 4.
1
Let a = -5 - 2. Let w = 4 + a. Calculate the remainder when -25*w/(-3)*-1 is divided by 9.
7
Let q(z) = -3*z**3 - 26*z**2 - 17*z + 12. Calculate the remainder when q(-8) is divided by 7.
6
Let u(r) = -r**3 + 7*r**2 - 3*r - 2. Calculate the remainder when u(2) is divided by 6.
0
Suppose 0*r + 5 = 5*r. What is the remainder when 8/r*(-10)/(-4) is divided by 11?
9
Suppose 55 = 3*y + 16. Calculate the remainder when 36 is divided by y.
10
Suppose 6*g = 92 + 286. Calculate the remainder when g is divided by 16.
15
Suppose -r = -0 - 7. Let b = 10 - r. Suppose -8 - 1 = -b*o + 4*v, o = -3*v + 16. What is the remainder when 20 is divided by o?
6
Suppose 8*x - 4*x + 12 = 0, -o = 5*x + 40. Calculate the remainder when 68 is divided by 4/(-1) - (o + -2).
22
Suppose 4*w + 0 = 16. Calculate the remainder when 48 is divided by (34/w)/(5/10).
14
Let h(u) = -u - 2. Let i be h(-3). Calculate the remainder when (i + 0 + 0)*17 is divided by 10.
7
Suppose 1474 + 556 = 14*q. What is the remainder when q is divided by 37?
34
Let d(r) = r + 13. Let x be d(-7). Suppose w = x*w - 15. Suppose -20 = -2*o - w*o, o = v - 3. Calculate the remainder when 19 is divided by v.
5
Suppose 5*p + 3*c + 24 = 0, -p - 2*c - 9 = -0. Let z be (3 + p)/3 - 0. Suppose x + 3*x + 12 = z, -t = 3*x - 5. Calculate the remainder when 40 is divided by t.
12
Let p(v) = v**3 - 16*v**2 + 16*v - 3. Calculate the remainder when 34 is divided by p(15).
10
Suppose y = -5*j + 14, -5*y = -0*j - 2*j - 16. Suppose 16 = 2*i - 2*l, -4*i = j*l + 5 - 31. Calculate the remainder when i is divided by 2.
1
Calculate the remainder when 1114/6 + (-4)/6 is divided by 63.
59
Let d = 57 + -34. What is the remainder when 91 is divided by d?
22
Let q be 50 + -1 + 0 - -1. Suppose -r + 54 = 5*v, 3*v - 3*r - q = -8*r. What is the remainder when (-9)/(-4)*-1*-8 is divided by v?
8
Let m(r) = -r**2 + 15*r - 13. What is the remainder when m(10) is divided by 19?
18
Let o(l) be the second derivative of -l**3/6 - 2*l. What is the remainder when o(-5) is divided by 2?
1
Let y = -18 + 27. Let k(h) = h**2 + 3*h + 9. Let j(r) = r**2 + 2*r + 5. Let p(i) = 10*j(i) - 6*k(i). What is the remainder when p(-3) is divided by y?
8
Let p(o) = o**2 - 3*o - 6. Let y be p(5). Suppose 0 = -y*w + 32 - 8. What is the remainder when (-2*1)/(4/(-34)) is divided by w?
5
Let d(x) = -3*x. Let h be d(-8). Let s = h - 3. What is the remainder when s is divided by 12?
9
Suppose 279 = 3*g - 4*f + 3*f, -2*f = -2*g + 182. Calculate the remainder when g is divided by 24.
22
Suppose 88*f = 82*f + 288. Let l(b) = b**2 + 8*b + 4. What is the remainder when f is divided by l(-9)?
9
Let u(h) = -10*h**3 + 4*h**2 + 2*h - 2. What is the remainder when u(-2) is divided by (2 - 21)*-1 - (-18 + 14)?
21
Suppose 0 = -2*d - 16 + 48. Let m(t) = 3*t**3 + 3*t**2 - 3*t + 1. What is the remainder when m(2) is divided by d?
15
Suppose -3*l - 49 = -163. What is the remainder when 113 is divided by l?
37
Let n(c) = 9*c + 5. Suppose 7 + 8 = v. What is the remainder when n(4) is divided by v?
11
Let m(k) = -k**2 - k. Let l be m(0). Suppose 2*z = -4*o + o + 10, 5*z - o - 42 = l. Calculate the remainder when 21 is divided by z.
5
Suppose -f - 5*d = -66, 21 = f + 3*d - 45. Suppose -f = -4*p + 94. What is the remainder when p is divided by 21?
19
What is the remainder when 59 is divided by 148/16 + (-9)/(-12)?
9
Let s(c) = c**3 + 10*c**2 - 6*c + 11. Let t be s(-11). Let u = 70 + t. What is the remainder when u is divided by 15?
11
What is the remainder when 45 is divided by 1 - 1 - (3 + -26)?
22
Let n = 11 + -8. Let q(g) = 1 - 9*g + 3 - n. Calculate the remainder when 28 is divided by q(-1).
8
Suppose 4*u = -2*y, 0 = 3*y + u - 0*u + 20. What is the remainder when y/2 - -3 - -4 is divided by 1?
0
Let j = 58 - 